{"id":15,"date":"2018-12-29T00:29:48","date_gmt":"2018-12-29T00:29:48","guid":{"rendered":"https:\/\/wp.thedaltons.ch\/?page_id=15"},"modified":"2023-09-05T20:18:24","modified_gmt":"2023-09-05T20:18:24","slug":"members","status":"publish","type":"page","link":"https:\/\/www.thedaltons.ch\/?page_id=15","title":{"rendered":"Members"},"content":{"rendered":"\n<p class=\"has-text-align-center has-white-background-color has-background\">(youngest last, but not least&#8230;)<\/p>\n\n\n\n<p class=\"has-text-align-center has-background\" style=\"background-color:#ffdd00\">Tinu &#171;TTT&#187; (Lucky Dalton) Schmutz<br>guitar<\/p>\n\n\n\n<p class=\"has-text-align-center has-background\" style=\"background-color:#ffdd00\">Urs &#171;Hoschi&#187; (William Dalton) Hostettler<br>vocals, guitar<\/p>\n\n\n\n<p class=\"has-text-align-center has-background\" style=\"background-color:#ffdd00\">Beat (Avarell Dalton) Wey<br>keyboards, vocals, harmonica<\/p>\n\n\n\n<p class=\"has-text-align-center has-background\" style=\"background-color:#ffdd00\">Christian &#171;Chrigu&#187; (Jack Dalton) Wey<br>bass, vocals<\/p>\n\n\n\n<p class=\"has-text-align-center has-background\" style=\"background-color:#ffdd00\">Stefan &#171;Steffu&#187; (Big Joe Dalton) Kernen<br>drums<\/p>\n\n\n\n<p class=\"has-text-align-center has-background\" style=\"background-color:#ffdd00\">additional musical content by Christian &#171;Chrigu&#187; (Jail-Director Smith) Blaser<br>guitar, vocals<\/p>\n\n\n\n<p class=\"has-text-align-center has-background\" style=\"background-color:#ffdd00\">sound engineering by Marco (Uncle Dalton) Coray and Luca &#171;L\u00fccu&#187; (Judge Parker) Waber<\/p>\n\n\n\n<p class=\"has-text-align-center\">List of The Daltons Alumni: <br>\u00c4du (d), Schmidt (g), Steve (p), H\u00e4mpu (d), D\u00e4nu (d), Maggie (v), \u00c4ssu (g,v), Tom (d)<\/p>\n\n\n\n<p class=\"has-text-align-center\">&#8230;and we will always remember B\u00e4du Zaugg (Ma Dalton)&#8230;<\/p>\n","protected":false},"excerpt":{"rendered":"<p>(youngest last, but not least&#8230;) Tinu &#171;TTT&#187; (Lucky Dalton) Schmutzguitar Urs &#171;Hoschi&#187; (William Dalton) Hostettlervocals, guitar Beat (Avarell Dalton) Weykeyboards, vocals, harmonica Christian &#171;Chrigu&#187; (Jack Dalton) Weybass, vocals Stefan &#171;Steffu&#187;<a href=\"https:\/\/www.thedaltons.ch\/?page_id=15\" class=\"more-link\"><span class=\"readmore\">Continue reading<span class=\"screen-reader-text\">Members<\/span><\/span><\/a><\/p>\n","protected":false},"author":2,"featured_media":0,"parent":0,"menu_order":0,"comment_status":"closed","ping_status":"closed","template":"","meta":{"footnotes":""},"class_list":["post-15","page","type-page","status-publish","hentry"],"jetpack_sharing_enabled":true,"_links":{"self":[{"href":"https:\/\/www.thedaltons.ch\/index.php?rest_route=\/wp\/v2\/pages\/15","targetHints":{"allow":["GET"]}}],"collection":[{"href":"https:\/\/www.thedaltons.ch\/index.php?rest_route=\/wp\/v2\/pages"}],"about":[{"href":"https:\/\/www.thedaltons.ch\/index.php?rest_route=\/wp\/v2\/types\/page"}],"author":[{"embeddable":true,"href":"https:\/\/www.thedaltons.ch\/index.php?rest_route=\/wp\/v2\/users\/2"}],"replies":[{"embeddable":true,"href":"https:\/\/www.thedaltons.ch\/index.php?rest_route=%2Fwp%2Fv2%2Fcomments&post=15"}],"version-history":[{"count":12,"href":"https:\/\/www.thedaltons.ch\/index.php?rest_route=\/wp\/v2\/pages\/15\/revisions"}],"predecessor-version":[{"id":101,"href":"https:\/\/www.thedaltons.ch\/index.php?rest_route=\/wp\/v2\/pages\/15\/revisions\/101"}],"wp:attachment":[{"href":"https:\/\/www.thedaltons.ch\/index.php?rest_route=%2Fwp%2Fv2%2Fmedia&parent=15"}],"curies":[{"name":"wp","href":"https:\/\/api.w.org\/{rel}","templated":true}]}}